{"id":205,"date":"2018-11-24T19:01:46","date_gmt":"2018-11-25T00:01:46","guid":{"rendered":"https:\/\/humanitiesdata.ca\/?page_id=205"},"modified":"2019-11-05T09:14:23","modified_gmt":"2019-11-05T14:14:23","slug":"religious-cultures-in-medieval-spanish-historiography","status":"publish","type":"page","link":"https:\/\/humanitiesdata.ca\/fr\/projects\/past-projects\/religious-cultures-in-medieval-spanish-historiography\/","title":{"rendered":"La confluence des cultures religieuses dans l&#039;historiographie espagnole m\u00e9di\u00e9vale"},"content":{"rendered":"<div id=\"pl-205\"  class=\"panel-layout\" ><div id=\"pg-205-0\"  class=\"panel-grid panel-no-style\" ><div id=\"pgc-205-0-0\"  class=\"panel-grid-cell\" ><div id=\"panel-205-0-0-0\" class=\"so-panel widget widget_text panel-first-child panel-last-child\" data-index=\"0\" >\t\t\t<div class=\"textwidget\"><p><img loading=\"lazy\" decoding=\"async\" class=\"size-medium wp-image-206 alignleft\" src=\"https:\/\/humanitiesdata.ca\/wp-content\/uploads\/2018\/11\/005vcropped-768x448-300x175.jpg\" alt=\"\" width=\"300\" height=\"175\" srcset=\"https:\/\/humanitiesdata.ca\/wp-content\/uploads\/2018\/11\/005vcropped-768x448-300x175.jpg 300w, https:\/\/humanitiesdata.ca\/wp-content\/uploads\/2018\/11\/005vcropped-768x448.jpg 768w, https:\/\/humanitiesdata.ca\/wp-content\/uploads\/2018\/11\/005vcropped-768x448-460x270.jpg 460w, https:\/\/humanitiesdata.ca\/wp-content\/uploads\/2018\/11\/005vcropped-768x448-465x271.jpg 465w, https:\/\/humanitiesdata.ca\/wp-content\/uploads\/2018\/11\/005vcropped-768x448-695x405.jpg 695w\" sizes=\"auto, (max-width: 300px) 100vw, 300px\" \/>Dirig\u00e9e par Francisco Pe\u00f1a Fern\u00e1ndez, l&#039;\u00e9quipe multidisciplinaire \u00e0 l&#039;origine de ce projet comprend l&#039;interaction entre les diff\u00e9rentes communaut\u00e9s culturelles et religieuses au sein de la p\u00e9ninsule ib\u00e9rique m\u00e9di\u00e9vale. La <a href=\"https:\/\/religious-cultures.webflow.io\/\">Confluence des cultures religieuses dans l&#039;historiographie m\u00e9di\u00e9vale<\/a> g\u00e9n\u00e8re une conversation et une collaboration interculturelles, interreligieuses et interdisciplinaires contemporaines \u00e0 travers l&#039;\u00e9tude de la confluence de l&#039;interpr\u00e9tation biblique juive, chr\u00e9tienne et musulmane dans l&#039;Espagne m\u00e9di\u00e9vale. L&#039;\u00e9quipe interdisciplinaire d&#039;universitaires litt\u00e9raires, de linguistes et d&#039;experts en m\u00e9dias num\u00e9riques du Canada, des \u00c9tats-Unis et d&#039;Espagne est en train de cr\u00e9er la premi\u00e8re \u00e9dition et \u00e9tude savantes de l&#039;une des \u0153uvres les plus importantes de l&#039;historiographie espagnole\u00a0: <em>G\u00e9n\u00e9ral Estoria<\/em>, une histoire mondiale compl\u00e8te, initi\u00e9e et financ\u00e9e par le m\u00e9c\u00e8ne des arts et des sciences, le roi Alphonse X de Castille (1221-1284). Le projet offre la possibilit\u00e9 de mod\u00e9liser des compr\u00e9hensions historiquement sp\u00e9cifiques des identit\u00e9s juives, chr\u00e9tiennes et musulmanes.<\/p>\n<\/div>\n\t\t<\/div><\/div><\/div><\/div>","protected":false},"excerpt":{"rendered":"<p>Led by Francisco Pe\u00f1a Fern\u00e1ndez, the multidisciplinary team team behind this project understand the interaction between different cultural and religious communities within Medieval Iberia. The Confluence of Religious Cultures in Medieval Historiography is generating contemporary intercultural, interreligious, and interdisciplinary conversation and collaboration through the study of the confluence of Jewish,<span class=\"more-link\"><a href=\"https:\/\/humanitiesdata.ca\/fr\/projects\/past-projects\/religious-cultures-in-medieval-spanish-historiography\/\">Read More &rarr;<\/a><\/span><\/p>","protected":false},"author":2,"featured_media":222,"parent":546,"menu_order":2,"comment_status":"closed","ping_status":"closed","template":"","meta":{"footnotes":""},"class_list":["entry","author-ning","post-205","page","type-page","status-publish","has-post-thumbnail"],"_links":{"self":[{"href":"https:\/\/humanitiesdata.ca\/fr\/wp-json\/wp\/v2\/pages\/205","targetHints":{"allow":["GET"]}}],"collection":[{"href":"https:\/\/humanitiesdata.ca\/fr\/wp-json\/wp\/v2\/pages"}],"about":[{"href":"https:\/\/humanitiesdata.ca\/fr\/wp-json\/wp\/v2\/types\/page"}],"author":[{"embeddable":true,"href":"https:\/\/humanitiesdata.ca\/fr\/wp-json\/wp\/v2\/users\/2"}],"replies":[{"embeddable":true,"href":"https:\/\/humanitiesdata.ca\/fr\/wp-json\/wp\/v2\/comments?post=205"}],"version-history":[{"count":6,"href":"https:\/\/humanitiesdata.ca\/fr\/wp-json\/wp\/v2\/pages\/205\/revisions"}],"predecessor-version":[{"id":552,"href":"https:\/\/humanitiesdata.ca\/fr\/wp-json\/wp\/v2\/pages\/205\/revisions\/552"}],"up":[{"embeddable":true,"href":"https:\/\/humanitiesdata.ca\/fr\/wp-json\/wp\/v2\/pages\/546"}],"wp:featuredmedia":[{"embeddable":true,"href":"https:\/\/humanitiesdata.ca\/fr\/wp-json\/wp\/v2\/media\/222"}],"wp:attachment":[{"href":"https:\/\/humanitiesdata.ca\/fr\/wp-json\/wp\/v2\/media?parent=205"}],"curies":[{"name":"wp","href":"https:\/\/api.w.org\/{rel}","templated":true}]}}

La confluence des cultures religieuses dans l&#039;historiographie espagnole médiévale

<div id="pl-205"  class="panel-layout" ><div id="pg-205-0"  class="panel-grid panel-no-style" ><div id="pgc-205-0-0"  class="panel-grid-cell" ><div id="panel-205-0-0-0" class="so-panel widget widget_text panel-first-child panel-last-child" data-index="0" >			<div class="textwidget"><p><img loading="lazy" decoding="async" class="size-medium wp-image-206 alignleft" src="https://humanitiesdata.ca/wp-content/uploads/2018/11/005vcropped-768x448-300x175.jpg" alt="" width="300" height="175" srcset="https://humanitiesdata.ca/wp-content/uploads/2018/11/005vcropped-768x448-300x175.jpg 300w, https://humanitiesdata.ca/wp-content/uploads/2018/11/005vcropped-768x448.jpg 768w, https://humanitiesdata.ca/wp-content/uploads/2018/11/005vcropped-768x448-460x270.jpg 460w, https://humanitiesdata.ca/wp-content/uploads/2018/11/005vcropped-768x448-465x271.jpg 465w, https://humanitiesdata.ca/wp-content/uploads/2018/11/005vcropped-768x448-695x405.jpg 695w" sizes="auto, (max-width: 300px) 100vw, 300px" />Dirigée par Francisco Peña Fernández, l&#039;équipe multidisciplinaire à l&#039;origine de ce projet comprend l&#039;interaction entre les différentes communautés culturelles et religieuses au sein de la péninsule ibérique médiévale. La <a href="https://religious-cultures.webflow.io/">Confluence des cultures religieuses dans l&#039;historiographie médiévale</a> génère une conversation et une collaboration interculturelles, interreligieuses et interdisciplinaires contemporaines à travers l&#039;étude de la confluence de l&#039;interprétation biblique juive, chrétienne et musulmane dans l&#039;Espagne médiévale. L&#039;équipe interdisciplinaire d&#039;universitaires littéraires, de linguistes et d&#039;experts en médias numériques du Canada, des États-Unis et d&#039;Espagne est en train de créer la première édition et étude savantes de l&#039;une des œuvres les plus importantes de l&#039;historiographie espagnole : <em>Général Estoria</em>, une histoire mondiale complète, initiée et financée par le mécène des arts et des sciences, le roi Alphonse X de Castille (1221-1284). Le projet offre la possibilité de modéliser des compréhensions historiquement spécifiques des identités juives, chrétiennes et musulmanes.</p>
</div>
		</div></div></div></div>

<p>Led by Francisco Peña Fernández, the multidisciplinary team team behind this project understand the interaction between different cultural and religious communities within Medieval Iberia. The Confluence of Religious Cultures in Medieval Historiography is generating contemporary intercultural, interreligious, and interdisciplinary conversation and collaboration through the study of the confluence of Jewish,<span class="more-link"><a href="https://humanitiesdata.ca/fr/projects/past-projects/religious-cultures-in-medieval-spanish-historiography/">Read More &rarr;</a></span></p>
